{"id":13781,"date":"2025-11-11T08:37:37","date_gmt":"2025-11-11T13:37:37","guid":{"rendered":"https:\/\/advocatesforchildren.org\/?post_type=policy-resource&#038;p=13781"},"modified":"2026-04-15T14:28:30","modified_gmt":"2026-04-15T18:28:30","slug":"statement-suspension-data-2025","status":"publish","type":"policy-resource","link":"https:\/\/advocatesforchildren.org\/es\/policy-resource\/statement-suspension-data-2025\/","title":{"rendered":"Respuesta a la publicaci\u00f3n de datos de suspensi\u00f3n para el a\u00f1o escolar 2024-25"},"template":"","class_list":["post-13781","policy-resource","type-policy-resource","status-publish","has-post-thumbnail","hentry","topic_tax-discipline","policy_resource_type-press-statement"],"acf":[],"yoast_head":"<!-- This site is optimized with the Yoast SEO plugin v27.2 - https:\/\/yoast.com\/product\/yoast-seo-wordpress\/ -->\n<title>Response to Release of Suspension Data for the 2024\u201325 School Year - Advocates for Children of New York<\/title>\n<meta name=\"description\" content=\"Maria Odom, Executive Director of Advocates for Children of New York (AFC), issued the following statement in response to the release of the New York City Public Schools (NYCPS) suspension data report for the 2024\u201325 school year.\" \/>\n<meta name=\"robots\" content=\"index, follow, max-snippet:-1, max-image-preview:large, max-video-preview:-1\" \/>\n<link rel=\"canonical\" href=\"https:\/\/advocatesforchildren.org\/es\/policy-resource\/statement-suspension-data-2025\/\" \/>\n<meta property=\"og:locale\" content=\"es_MX\" \/>\n<meta property=\"og:type\" content=\"article\" \/>\n<meta property=\"og:title\" content=\"Response to Release of Suspension Data for the 2024\u201325 School Year - Advocates for Children of New York\" \/>\n<meta property=\"og:description\" content=\"Maria Odom, Executive Director of Advocates for Children of New York (AFC), issued the following statement in response to the release of the New York City Public Schools (NYCPS) suspension data report for the 2024\u201325 school year.\" \/>\n<meta property=\"og:url\" content=\"https:\/\/advocatesforchildren.org\/es\/policy-resource\/statement-suspension-data-2025\/\" \/>\n<meta property=\"og:site_name\" content=\"Advocates for Children of New York\" \/>\n<meta property=\"article:publisher\" content=\"https:\/\/www.facebook.com\/AdvocatesforChildren\/\" \/>\n<meta property=\"article:modified_time\" content=\"2026-04-15T18:28:30+00:00\" \/>\n<meta property=\"og:image\" content=\"https:\/\/advocatesforchildren.org\/wp-content\/uploads\/AdobeStock_439004300-scaled.jpeg\" \/>\n\t<meta property=\"og:image:width\" content=\"2560\" \/>\n\t<meta property=\"og:image:height\" content=\"1676\" \/>\n\t<meta property=\"og:image:type\" content=\"image\/jpeg\" \/>\n<meta name=\"twitter:card\" content=\"summary_large_image\" \/>\n<meta name=\"twitter:site\" content=\"@AFCNewYork\" \/>\n<script type=\"application\/ld+json\" class=\"yoast-schema-graph\">{\"@context\":\"https:\/\/schema.org\",\"@graph\":[{\"@type\":\"WebPage\",\"@id\":\"https:\/\/advocatesforchildren.org\/policy-resource\/statement-suspension-data-2025\/\",\"url\":\"https:\/\/advocatesforchildren.org\/policy-resource\/statement-suspension-data-2025\/\",\"name\":\"Response to Release of Suspension Data for the 2024\u201325 School Year - Advocates for Children of New York\",\"isPartOf\":{\"@id\":\"https:\/\/advocatesforchildren.org\/#website\"},\"primaryImageOfPage\":{\"@id\":\"https:\/\/advocatesforchildren.org\/policy-resource\/statement-suspension-data-2025\/#primaryimage\"},\"image\":{\"@id\":\"https:\/\/advocatesforchildren.org\/policy-resource\/statement-suspension-data-2025\/#primaryimage\"},\"thumbnailUrl\":\"https:\/\/advocatesforchildren.org\/wp-content\/uploads\/AdobeStock_439004300-scaled.jpeg\",\"datePublished\":\"2025-11-11T13:37:37+00:00\",\"dateModified\":\"2026-04-15T18:28:30+00:00\",\"description\":\"Maria Odom, Executive Director of Advocates for Children of New York (AFC), issued the following statement in response to the release of the New York City Public Schools (NYCPS) suspension data report for the 2024\u201325 school year.\",\"breadcrumb\":{\"@id\":\"https:\/\/advocatesforchildren.org\/policy-resource\/statement-suspension-data-2025\/#breadcrumb\"},\"inLanguage\":\"es-MX\",\"potentialAction\":[{\"@type\":\"ReadAction\",\"target\":[\"https:\/\/advocatesforchildren.org\/policy-resource\/statement-suspension-data-2025\/\"]}]},{\"@type\":\"ImageObject\",\"inLanguage\":\"es-MX\",\"@id\":\"https:\/\/advocatesforchildren.org\/policy-resource\/statement-suspension-data-2025\/#primaryimage\",\"url\":\"https:\/\/advocatesforchildren.org\/wp-content\/uploads\/AdobeStock_439004300-scaled.jpeg\",\"contentUrl\":\"https:\/\/advocatesforchildren.org\/wp-content\/uploads\/AdobeStock_439004300-scaled.jpeg\",\"width\":2560,\"height\":1676,\"caption\":\"Photo by Lubo Ivanko, Adobe Stock\"},{\"@type\":\"BreadcrumbList\",\"@id\":\"https:\/\/advocatesforchildren.org\/policy-resource\/statement-suspension-data-2025\/#breadcrumb\",\"itemListElement\":[{\"@type\":\"ListItem\",\"position\":1,\"name\":\"Home\",\"item\":\"https:\/\/advocatesforchildren.org\/\"},{\"@type\":\"ListItem\",\"position\":2,\"name\":\"Response to Release of Suspension Data for the 2024\u201325 School Year\"}]},{\"@type\":\"WebSite\",\"@id\":\"https:\/\/advocatesforchildren.org\/#website\",\"url\":\"https:\/\/advocatesforchildren.org\/\",\"name\":\"Advocates for Children of New York\",\"description\":\"\",\"publisher\":{\"@id\":\"https:\/\/advocatesforchildren.org\/#organization\"},\"potentialAction\":[{\"@type\":\"SearchAction\",\"target\":{\"@type\":\"EntryPoint\",\"urlTemplate\":\"https:\/\/advocatesforchildren.org\/?s={search_term_string}\"},\"query-input\":{\"@type\":\"PropertyValueSpecification\",\"valueRequired\":true,\"valueName\":\"search_term_string\"}}],\"inLanguage\":\"es-MX\"},{\"@type\":\"Organization\",\"@id\":\"https:\/\/advocatesforchildren.org\/#organization\",\"name\":\"Advocates for Children of New York\",\"url\":\"https:\/\/advocatesforchildren.org\/\",\"logo\":{\"@type\":\"ImageObject\",\"inLanguage\":\"es-MX\",\"@id\":\"https:\/\/advocatesforchildren.org\/#\/schema\/logo\/image\/\",\"url\":\"https:\/\/advocatesforchildren.org\/wp-content\/uploads\/2024\/03\/afc-logo.png\",\"contentUrl\":\"https:\/\/advocatesforchildren.org\/wp-content\/uploads\/2024\/03\/afc-logo.png\",\"width\":696,\"height\":696,\"caption\":\"Advocates for Children of New York\"},\"image\":{\"@id\":\"https:\/\/advocatesforchildren.org\/#\/schema\/logo\/image\/\"},\"sameAs\":[\"https:\/\/www.facebook.com\/AdvocatesforChildren\/\",\"https:\/\/x.com\/AFCNewYork\"]}]}<\/script>\n<!-- \/ Yoast SEO plugin. -->","yoast_head_json":{"title":"Response to Release of Suspension Data for the 2024\u201325 School Year - Advocates for Children of New York","description":"Maria Odom, directora ejecutiva de Advocates for Children of New York (AFC), emiti\u00f3 la siguiente declaraci\u00f3n en respuesta a la publicaci\u00f3n del informe de datos de suspensiones de las Escuelas P\u00fablicas de la Ciudad de Nueva York (NYCPS) para el a\u00f1o escolar 2024\u201325.","robots":{"index":"index","follow":"follow","max-snippet":"max-snippet:-1","max-image-preview":"max-image-preview:large","max-video-preview":"max-video-preview:-1"},"canonical":"https:\/\/advocatesforchildren.org\/es\/policy-resource\/statement-suspension-data-2025\/","og_locale":"es_MX","og_type":"article","og_title":"Response to Release of Suspension Data for the 2024\u201325 School Year - Advocates for Children of New York","og_description":"Maria Odom, Executive Director of Advocates for Children of New York (AFC), issued the following statement in response to the release of the New York City Public Schools (NYCPS) suspension data report for the 2024\u201325 school year.","og_url":"https:\/\/advocatesforchildren.org\/es\/policy-resource\/statement-suspension-data-2025\/","og_site_name":"Advocates for Children of New York","article_publisher":"https:\/\/www.facebook.com\/AdvocatesforChildren\/","article_modified_time":"2026-04-15T18:28:30+00:00","og_image":[{"width":2560,"height":1676,"url":"https:\/\/advocatesforchildren.org\/wp-content\/uploads\/AdobeStock_439004300-scaled.jpeg","type":"image\/jpeg"}],"twitter_card":"summary_large_image","twitter_site":"@AFCNewYork","schema":{"@context":"https:\/\/schema.org","@graph":[{"@type":"WebPage","@id":"https:\/\/advocatesforchildren.org\/policy-resource\/statement-suspension-data-2025\/","url":"https:\/\/advocatesforchildren.org\/policy-resource\/statement-suspension-data-2025\/","name":"Response to Release of Suspension Data for the 2024\u201325 School Year - Advocates for Children of New York","isPartOf":{"@id":"https:\/\/advocatesforchildren.org\/#website"},"primaryImageOfPage":{"@id":"https:\/\/advocatesforchildren.org\/policy-resource\/statement-suspension-data-2025\/#primaryimage"},"image":{"@id":"https:\/\/advocatesforchildren.org\/policy-resource\/statement-suspension-data-2025\/#primaryimage"},"thumbnailUrl":"https:\/\/advocatesforchildren.org\/wp-content\/uploads\/AdobeStock_439004300-scaled.jpeg","datePublished":"2025-11-11T13:37:37+00:00","dateModified":"2026-04-15T18:28:30+00:00","description":"Maria Odom, directora ejecutiva de Advocates for Children of New York (AFC), emiti\u00f3 la siguiente declaraci\u00f3n en respuesta a la publicaci\u00f3n del informe de datos de suspensiones de las Escuelas P\u00fablicas de la Ciudad de Nueva York (NYCPS) para el a\u00f1o escolar 2024\u201325.","breadcrumb":{"@id":"https:\/\/advocatesforchildren.org\/policy-resource\/statement-suspension-data-2025\/#breadcrumb"},"inLanguage":"es-MX","potentialAction":[{"@type":"ReadAction","target":["https:\/\/advocatesforchildren.org\/policy-resource\/statement-suspension-data-2025\/"]}]},{"@type":"ImageObject","inLanguage":"es-MX","@id":"https:\/\/advocatesforchildren.org\/policy-resource\/statement-suspension-data-2025\/#primaryimage","url":"https:\/\/advocatesforchildren.org\/wp-content\/uploads\/AdobeStock_439004300-scaled.jpeg","contentUrl":"https:\/\/advocatesforchildren.org\/wp-content\/uploads\/AdobeStock_439004300-scaled.jpeg","width":2560,"height":1676,"caption":"Photo by Lubo Ivanko, Adobe Stock"},{"@type":"BreadcrumbList","@id":"https:\/\/advocatesforchildren.org\/policy-resource\/statement-suspension-data-2025\/#breadcrumb","itemListElement":[{"@type":"ListItem","position":1,"name":"Home","item":"https:\/\/advocatesforchildren.org\/"},{"@type":"ListItem","position":2,"name":"Response to Release of Suspension Data for the 2024\u201325 School Year"}]},{"@type":"WebSite","@id":"https:\/\/advocatesforchildren.org\/#website","url":"https:\/\/advocatesforchildren.org\/","name":"Defensores de los ni\u00f1os de Nueva York","description":"","publisher":{"@id":"https:\/\/advocatesforchildren.org\/#organization"},"potentialAction":[{"@type":"SearchAction","target":{"@type":"EntryPoint","urlTemplate":"https:\/\/advocatesforchildren.org\/?s={search_term_string}"},"query-input":{"@type":"PropertyValueSpecification","valueRequired":true,"valueName":"search_term_string"}}],"inLanguage":"es-MX"},{"@type":"Organization","@id":"https:\/\/advocatesforchildren.org\/#organization","name":"Defensores de los ni\u00f1os de Nueva York","url":"https:\/\/advocatesforchildren.org\/","logo":{"@type":"ImageObject","inLanguage":"es-MX","@id":"https:\/\/advocatesforchildren.org\/#\/schema\/logo\/image\/","url":"https:\/\/advocatesforchildren.org\/wp-content\/uploads\/2024\/03\/afc-logo.png","contentUrl":"https:\/\/advocatesforchildren.org\/wp-content\/uploads\/2024\/03\/afc-logo.png","width":696,"height":696,"caption":"Advocates for Children of New York"},"image":{"@id":"https:\/\/advocatesforchildren.org\/#\/schema\/logo\/image\/"},"sameAs":["https:\/\/www.facebook.com\/AdvocatesforChildren\/","https:\/\/x.com\/AFCNewYork"]}]}},"_links":{"self":[{"href":"https:\/\/advocatesforchildren.org\/es\/wp-json\/wp\/v2\/policy-resource\/13781","targetHints":{"allow":["GET"]}}],"collection":[{"href":"https:\/\/advocatesforchildren.org\/es\/wp-json\/wp\/v2\/policy-resource"}],"about":[{"href":"https:\/\/advocatesforchildren.org\/es\/wp-json\/wp\/v2\/types\/policy-resource"}],"version-history":[{"count":2,"href":"https:\/\/advocatesforchildren.org\/es\/wp-json\/wp\/v2\/policy-resource\/13781\/revisions"}],"predecessor-version":[{"id":15017,"href":"https:\/\/advocatesforchildren.org\/es\/wp-json\/wp\/v2\/policy-resource\/13781\/revisions\/15017"}],"wp:featuredmedia":[{"embeddable":true,"href":"https:\/\/advocatesforchildren.org\/es\/wp-json\/wp\/v2\/media\/6909"}],"wp:attachment":[{"href":"https:\/\/advocatesforchildren.org\/es\/wp-json\/wp\/v2\/media?parent=13781"}],"curies":[{"name":"wp","href":"https:\/\/api.w.org\/{rel}","templated":true}]}}

Respuesta a la publicación de datos de suspensión para el año escolar 2024-25

Maria Odom, directora ejecutiva de Advocates for Children of New York (AFC), emitió la siguiente declaración en respuesta a la publicación del informe de datos de suspensiones de las Escuelas Públicas de la Ciudad de Nueva York (NYCPS) para el año escolar 2024–25.

Defensores de los niños de Nueva York
