{"id":7271,"date":"2024-03-11T12:46:14","date_gmt":"2024-03-11T17:46:14","guid":{"rendered":"https:\/\/advocatesforchildren.org\/?page_id=7271"},"modified":"2025-12-09T09:59:00","modified_gmt":"2025-12-09T14:59:00","slug":"transition-to-kindergarten","status":"publish","type":"page","link":"https:\/\/advocatesforchildren.org\/es\/transition-to-kindergarten\/","title":{"rendered":"Transici\u00f3n al jard\u00edn de infantes"},"content":{"rendered":"","protected":false},"excerpt":{"rendered":"","protected":false},"author":7,"featured_media":0,"parent":0,"menu_order":0,"comment_status":"closed","ping_status":"closed","template":"","meta":{"_acf_changed":false},"class_list":["post-7271","page","type-page","status-publish","hentry"],"acf":{"component_hero":{"variant":"split","":null,"subheader":"Join AFC\u2019s educational experts to learn more about how to get special education services for students with disabilities as they move from preschool to kindergarten.","button":"","image":565},"page_layout":[{"acf_fc_layout":"layout_wysiwyg","_acfe_flexible_toggle":null,"component_wysiwyg":{"content":"<p style=\"text-align: left;\">Families of children with disabilities born in 2021 will participate in two processes this year: the <strong>Proceso de admisi\u00f3n al jard\u00edn de infantes<\/strong> y el <strong>Proceso del IEP de jard\u00edn de infantes<\/strong>. Our two-part Transition to Kindergarten workshop series covers how to get special education services for students with disabilities as they move from preschool to kindergarten; applying to kindergarten; parents\u2019 rights; advocacy tips; and how to get help navigating these two processes.<\/p>","":null,"settings":["disable-top-padding"]}},{"acf_fc_layout":"layout_actions","_acfe_flexible_toggle":null,"component_actions":{"header":"","subheader":"","button":"","card_header":"","actions":[{"icon":"","title":"Learn more about kindergarten admissions","excerpt":"See video, slides, and resources from our 'Applying to Kindergarten' webinar.","link":{"title":"Register","url":"https:\/\/advocatesforchildren.org\/events\/applying-to-kindergarten-2\/","target":"_blank"}},{"icon":"","title":"Learn more about developing the Kindergarten IEP","excerpt":"Sign up for our 'Understanding the Kindergarten IEP' webinar.","link":{"title":"Register","url":"https:\/\/advocatesforchildren.org\/events\/understanding-the-kindergarten-iep-2\/","target":""}},{"icon":"","title":"Still have questions?","excerpt":"Sign up for a\u00a0Live Q&A session\u00a0to chat directly with AFC educational experts.","link":{"title":"Register","url":"https:\/\/advocatesforchildren.org\/events\/applying-to-kindergarten-qa\/","target":""}}]}},{"acf_fc_layout":"layout_resources","_acfe_flexible_toggle":null,"component_resources":{"kicker":"","header":"AFC Resources","subheader":"Helpful resources for families of children moving from preschool to kindergarten","button":{"title":"See more AFC Resources","url":"https:\/\/advocatesforchildren.org\/find-resources\/","target":""},"":null,"feed_type":"manual","resources":[1531,1653,13000]}},{"acf_fc_layout":"layout_resources","_acfe_flexible_toggle":null,"component_resources":{"kicker":"","header":"","subheader":"","button":"","":null,"feed_type":"manual","resources":[1575,1581,1614]}},{"acf_fc_layout":"layout_resources","_acfe_flexible_toggle":null,"component_resources":{"kicker":"","header":"","subheader":"","button":"","":null,"feed_type":"manual","resources":[1907,1518,1595]}},{"acf_fc_layout":"layout_list_of_links","_acfe_flexible_toggle":null,"component_list_of_links":{"heading":"More helpful resources","desc":"","links":[{"type":"download","file":1646,"external_url":"","internal_page":null,"title":"Alphabet Soup: Department of Education Acronyms","date":""},{"type":"download","file":1534,"external_url":"","internal_page":null,"title":"Advocacy Skills: A Guide to Help You Advocate for Your Child's Educational Rights","date":""},{"type":"download","file":1757,"external_url":"","internal_page":null,"title":"Advocacy Skills: A Guide to Help You Advocate for Your Child's Educational Rights (Spanish)","date":""},{"type":"download","file":1558,"external_url":"","internal_page":null,"title":"Program Options for English Language Learners","date":""},{"type":"download","file":1740,"external_url":"","internal_page":null,"title":"Translation and Interpretation Services in New York City Public Schools","date":""},{"type":"download","file":1592,"external_url":"","internal_page":null,"title":"Rights of Students with Disabilities in Charter Schools","date":""},{"type":"download","file":1550,"external_url":"","internal_page":null,"title":"Questions and Answers about Charter Schools","date":""},{"type":"external","file":null,"external_url":"https:\/\/infohub.nyced.org\/docs\/default-source\/default-document-library\/statement-on-positive-behavior-guidance.pdf","internal_page":null,"title":"DOE Statement on Positive Behavioral Guidance ","date":""}],"settings":{"":null,"settings":""}}}],"misc":{"disable_sticky_helpbar":false,"search_results":{"":null,"excerpt":"","featured_image":""}}},"yoast_head":"<!-- This site is optimized with the Yoast SEO plugin v27.2 - https:\/\/yoast.com\/product\/yoast-seo-wordpress\/ -->\n<title>Transition to Kindergarten - Advocates for Children of New York<\/title>\n<meta name=\"description\" content=\"Join AFC\u2019s educational experts to learn more about how to get special education services for students with disabilities as they move from preschool to kindergarten.\" \/>\n<meta name=\"robots\" content=\"index, follow, max-snippet:-1, max-image-preview:large, max-video-preview:-1\" \/>\n<link rel=\"canonical\" href=\"https:\/\/advocatesforchildren.org\/es\/transition-to-kindergarten\/\" \/>\n<meta property=\"og:locale\" content=\"es_MX\" \/>\n<meta property=\"og:type\" content=\"article\" \/>\n<meta property=\"og:title\" content=\"Transition to Kindergarten - Advocates for Children of New York\" \/>\n<meta property=\"og:description\" content=\"Join AFC\u2019s educational experts to learn more about how to get special education services for students with disabilities as they move from preschool to kindergarten.\" \/>\n<meta property=\"og:url\" content=\"https:\/\/advocatesforchildren.org\/es\/transition-to-kindergarten\/\" \/>\n<meta property=\"og:site_name\" content=\"Advocates for Children of New York\" \/>\n<meta property=\"article:publisher\" content=\"https:\/\/www.facebook.com\/AdvocatesforChildren\/\" \/>\n<meta property=\"article:modified_time\" content=\"2025-12-09T14:59:00+00:00\" \/>\n<meta property=\"og:image\" content=\"https:\/\/advocatesforchildren.org\/wp-content\/uploads\/2024\/03\/share.jpg\" \/>\n\t<meta property=\"og:image:width\" content=\"1200\" \/>\n\t<meta property=\"og:image:height\" content=\"630\" \/>\n\t<meta property=\"og:image:type\" content=\"image\/jpeg\" \/>\n<meta name=\"twitter:card\" content=\"summary_large_image\" \/>\n<meta name=\"twitter:site\" content=\"@AFCNewYork\" \/>\n<script type=\"application\/ld+json\" class=\"yoast-schema-graph\">{\"@context\":\"https:\/\/schema.org\",\"@graph\":[{\"@type\":\"WebPage\",\"@id\":\"https:\/\/advocatesforchildren.org\/transition-to-kindergarten\/\",\"url\":\"https:\/\/advocatesforchildren.org\/transition-to-kindergarten\/\",\"name\":\"Transition to Kindergarten - Advocates for Children of New York\",\"isPartOf\":{\"@id\":\"https:\/\/advocatesforchildren.org\/#website\"},\"datePublished\":\"2024-03-11T17:46:14+00:00\",\"dateModified\":\"2025-12-09T14:59:00+00:00\",\"description\":\"Join AFC\u2019s educational experts to learn more about how to get special education services for students with disabilities as they move from preschool to kindergarten.\",\"breadcrumb\":{\"@id\":\"https:\/\/advocatesforchildren.org\/transition-to-kindergarten\/#breadcrumb\"},\"inLanguage\":\"es-MX\",\"potentialAction\":[{\"@type\":\"ReadAction\",\"target\":[\"https:\/\/advocatesforchildren.org\/transition-to-kindergarten\/\"]}]},{\"@type\":\"BreadcrumbList\",\"@id\":\"https:\/\/advocatesforchildren.org\/transition-to-kindergarten\/#breadcrumb\",\"itemListElement\":[{\"@type\":\"ListItem\",\"position\":1,\"name\":\"Home\",\"item\":\"https:\/\/advocatesforchildren.org\/\"},{\"@type\":\"ListItem\",\"position\":2,\"name\":\"Transition to Kindergarten\"}]},{\"@type\":\"WebSite\",\"@id\":\"https:\/\/advocatesforchildren.org\/#website\",\"url\":\"https:\/\/advocatesforchildren.org\/\",\"name\":\"Advocates for Children of New York\",\"description\":\"\",\"publisher\":{\"@id\":\"https:\/\/advocatesforchildren.org\/#organization\"},\"potentialAction\":[{\"@type\":\"SearchAction\",\"target\":{\"@type\":\"EntryPoint\",\"urlTemplate\":\"https:\/\/advocatesforchildren.org\/?s={search_term_string}\"},\"query-input\":{\"@type\":\"PropertyValueSpecification\",\"valueRequired\":true,\"valueName\":\"search_term_string\"}}],\"inLanguage\":\"es-MX\"},{\"@type\":\"Organization\",\"@id\":\"https:\/\/advocatesforchildren.org\/#organization\",\"name\":\"Advocates for Children of New York\",\"url\":\"https:\/\/advocatesforchildren.org\/\",\"logo\":{\"@type\":\"ImageObject\",\"inLanguage\":\"es-MX\",\"@id\":\"https:\/\/advocatesforchildren.org\/#\/schema\/logo\/image\/\",\"url\":\"https:\/\/advocatesforchildren.org\/wp-content\/uploads\/2024\/03\/afc-logo.png\",\"contentUrl\":\"https:\/\/advocatesforchildren.org\/wp-content\/uploads\/2024\/03\/afc-logo.png\",\"width\":696,\"height\":696,\"caption\":\"Advocates for Children of New York\"},\"image\":{\"@id\":\"https:\/\/advocatesforchildren.org\/#\/schema\/logo\/image\/\"},\"sameAs\":[\"https:\/\/www.facebook.com\/AdvocatesforChildren\/\",\"https:\/\/x.com\/AFCNewYork\"]}]}<\/script>\n<!-- \/ Yoast SEO plugin. -->","yoast_head_json":{"title":"Transition to Kindergarten - Advocates for Children of New York","description":"\u00danase a los expertos en educaci\u00f3n de AFC para obtener m\u00e1s informaci\u00f3n sobre c\u00f3mo obtener servicios de educaci\u00f3n especial para estudiantes con discapacidades a medida que pasan del preescolar al jard\u00edn de infantes.","robots":{"index":"index","follow":"follow","max-snippet":"max-snippet:-1","max-image-preview":"max-image-preview:large","max-video-preview":"max-video-preview:-1"},"canonical":"https:\/\/advocatesforchildren.org\/es\/transition-to-kindergarten\/","og_locale":"es_MX","og_type":"article","og_title":"Transition to Kindergarten - Advocates for Children of New York","og_description":"Join AFC\u2019s educational experts to learn more about how to get special education services for students with disabilities as they move from preschool to kindergarten.","og_url":"https:\/\/advocatesforchildren.org\/es\/transition-to-kindergarten\/","og_site_name":"Advocates for Children of New York","article_publisher":"https:\/\/www.facebook.com\/AdvocatesforChildren\/","article_modified_time":"2025-12-09T14:59:00+00:00","og_image":[{"width":1200,"height":630,"url":"https:\/\/advocatesforchildren.org\/wp-content\/uploads\/2024\/03\/share.jpg","type":"image\/jpeg"}],"twitter_card":"summary_large_image","twitter_site":"@AFCNewYork","schema":{"@context":"https:\/\/schema.org","@graph":[{"@type":"WebPage","@id":"https:\/\/advocatesforchildren.org\/transition-to-kindergarten\/","url":"https:\/\/advocatesforchildren.org\/transition-to-kindergarten\/","name":"Transition to Kindergarten - Advocates for Children of New York","isPartOf":{"@id":"https:\/\/advocatesforchildren.org\/#website"},"datePublished":"2024-03-11T17:46:14+00:00","dateModified":"2025-12-09T14:59:00+00:00","description":"\u00danase a los expertos en educaci\u00f3n de AFC para obtener m\u00e1s informaci\u00f3n sobre c\u00f3mo obtener servicios de educaci\u00f3n especial para estudiantes con discapacidades a medida que pasan del preescolar al jard\u00edn de infantes.","breadcrumb":{"@id":"https:\/\/advocatesforchildren.org\/transition-to-kindergarten\/#breadcrumb"},"inLanguage":"es-MX","potentialAction":[{"@type":"ReadAction","target":["https:\/\/advocatesforchildren.org\/transition-to-kindergarten\/"]}]},{"@type":"BreadcrumbList","@id":"https:\/\/advocatesforchildren.org\/transition-to-kindergarten\/#breadcrumb","itemListElement":[{"@type":"ListItem","position":1,"name":"Home","item":"https:\/\/advocatesforchildren.org\/"},{"@type":"ListItem","position":2,"name":"Transition to Kindergarten"}]},{"@type":"WebSite","@id":"https:\/\/advocatesforchildren.org\/#website","url":"https:\/\/advocatesforchildren.org\/","name":"Defensores de los ni\u00f1os de Nueva York","description":"","publisher":{"@id":"https:\/\/advocatesforchildren.org\/#organization"},"potentialAction":[{"@type":"SearchAction","target":{"@type":"EntryPoint","urlTemplate":"https:\/\/advocatesforchildren.org\/?s={search_term_string}"},"query-input":{"@type":"PropertyValueSpecification","valueRequired":true,"valueName":"search_term_string"}}],"inLanguage":"es-MX"},{"@type":"Organization","@id":"https:\/\/advocatesforchildren.org\/#organization","name":"Defensores de los ni\u00f1os de Nueva York","url":"https:\/\/advocatesforchildren.org\/","logo":{"@type":"ImageObject","inLanguage":"es-MX","@id":"https:\/\/advocatesforchildren.org\/#\/schema\/logo\/image\/","url":"https:\/\/advocatesforchildren.org\/wp-content\/uploads\/2024\/03\/afc-logo.png","contentUrl":"https:\/\/advocatesforchildren.org\/wp-content\/uploads\/2024\/03\/afc-logo.png","width":696,"height":696,"caption":"Advocates for Children of New York"},"image":{"@id":"https:\/\/advocatesforchildren.org\/#\/schema\/logo\/image\/"},"sameAs":["https:\/\/www.facebook.com\/AdvocatesforChildren\/","https:\/\/x.com\/AFCNewYork"]}]}},"_links":{"self":[{"href":"https:\/\/advocatesforchildren.org\/es\/wp-json\/wp\/v2\/pages\/7271","targetHints":{"allow":["GET"]}}],"collection":[{"href":"https:\/\/advocatesforchildren.org\/es\/wp-json\/wp\/v2\/pages"}],"about":[{"href":"https:\/\/advocatesforchildren.org\/es\/wp-json\/wp\/v2\/types\/page"}],"author":[{"embeddable":true,"href":"https:\/\/advocatesforchildren.org\/es\/wp-json\/wp\/v2\/users\/7"}],"replies":[{"embeddable":true,"href":"https:\/\/advocatesforchildren.org\/es\/wp-json\/wp\/v2\/comments?post=7271"}],"version-history":[{"count":0,"href":"https:\/\/advocatesforchildren.org\/es\/wp-json\/wp\/v2\/pages\/7271\/revisions"}],"wp:attachment":[{"href":"https:\/\/advocatesforchildren.org\/es\/wp-json\/wp\/v2\/media?parent=7271"}],"curies":[{"name":"wp","href":"https:\/\/api.w.org\/{rel}","templated":true}]}}

Transición al jardín de infantes

<p style="text-align: left;">Families of children with disabilities born in 2021 will participate in two processes this year: the <strong>Proceso de admisión al jardín de infantes</strong> y el <strong>Proceso del IEP de jardín de infantes</strong>. Our two-part Transition to Kindergarten workshop series covers how to get special education services for students with disabilities as they move from preschool to kindergarten; applying to kindergarten; parents’ rights; advocacy tips; and how to get help navigating these two processes.</p>

Únase a los expertos en educación de AFC para obtener más información sobre cómo obtener servicios de educación especial para estudiantes con discapacidades a medida que pasan del preescolar al jardín de infantes.

Defensores de los niños de Nueva York
